 - -a9?
a7
In base 11, what is 15 - 15?
0
In base 14, what is -49 - 5?
-50
In base 10, what is 14 - -711?
725
In base 3, what is -12111 + -1?
-12112
In base 9, what is -6 + -1435?
-1442
In base 3, what is 122022 + 210?
200002
In base 8, what is -11 + -105?
-116
In base 8, what is 33736 - -3?
33741
In base 13, what is 1 - 59?
-58
In base 15, what is 0 - 48a?
-48a
In base 3, what is 120020 + 212?
121002
In base 13, what is 5 + -16?
-11
In base 9, what is -371 - 30?
-411
In base 7, what is 335 - -4?
342
In base 5, what is -2010 - 1?
-2011
In base 11, what is -35 - -162?
128
In base 10, what is -79 - 1?
-80
In base 15, what is -4 + 6d8?
6d4
In base 4, what is -3013 - 0?
-3013
In base 2, what is -1 - -11001?
11000
In base 5, what is -20 - -424?
404
In base 10, what is -3 + 754?
751
In base 15, what is 4 - 9?
-5
In base 13, what is 2847 - -2?
2849
In base 5, what is -302 - 10?
-312
In base 7, what is -2 + -353?
-355
In base 16, what is 13 - -a?
1d
In base 12, what is 892 - 5?
889
In base 15, what is 2 - 20c?
-20a
In base 14, what is -27c6 - 3?
-27c9
In base 12, what is 0 + -9b?
-9b
In base 8, what is -21 + 3?
-16
In base 6, what is 0 - -4023?
4023
In base 13, what is -57 - -7?
-50
In base 6, what is 31 - 1135?
-1104
In base 15, what is -a - a8?
-b3
In base 13, what is 3 - -1b6?
1b9
In base 11, what is 34 + -a4?
-70
In base 15, what is -5c + -3?
-60
In base 4, what is 10 + -2013202?
-2013132
In base 9, what is 5 + -341?
-335
In base 8, what is 111 + -6?
103
In base 8, what is 1373 + -25?
1346
In base 16, what is -1e2 - 0?
-1e2
In base 2, what is -100010 - 1?
-100011
In base 10, what is -1 + 50?
49
In base 14, what is 3 + 20?
23
In base 2, what is -1 + 1111100010000?
1111100001111
In base 2, what is -100 - 101010110?
-101011010
In base 13, what is -1 + 601?
600
In base 16, what is 5 + 1b4?
1b9
In base 4, what is -10 + 321?
311
In base 9, what is 3 + -60?
-56
In base 16, what is -2 + -50?
-52
In base 6, what is 1 + 2032?
2033
In base 14, what is -2426 + -4?
-242a
In base 6, what is 0 - 1?
-1
In base 9, what is -13 - 176?
-200
In base 15, what is 2 + c2?
c4
In base 3, what is -101 - 11?
-112
In base 3, what is -121 + 12?
-102
In base 16, what is -16 + 4?
-12
In base 13, what is 2193 + 3?
2196
In base 7, what is -5 - 4450?
-4455
In base 6, what is -14 - 0?
-14
In base 10, what is -2 + 43?
41
In base 5, what is -42120 - 3?
-42123
In base 7, what is 11060 + -5?
11052
In base 3, what is 22100 - -2?
22102
In base 4, what is 113001 + 13?
113020
In base 2, what is 100101 - 111?
11110
In base 14, what is b + -2?
9
In base 7, what is 10 - -24?
34
In base 12, what is -7 - -1?
-6
In base 8, what is -4 - -40?
34
In base 15, what is 0 + -36?
-36
In base 5, what is -22 + -3?
-30
In base 7, what is 24 + 23?
50
In base 3, what is 120220 + 10?
121000
In base 12, what is 4 - -2?
6
In base 7, what is 132064 + 1?
132065
In base 4, what is 13 + -323?
-310
In base 15, what is 2 - -1e?
21
In base 11, what is 130 + 11?
141
In base 12, what is -a - -b3?
a5
In base 15, what is -ce - -3?
-cb
In base 15, what is 2 + 380?
382
In base 3, what is 2202121 - -12?
2202210
In base 4, what is -20323 + 11?
-20312
In base 12, what is 2 + a?
10
In base 7, what is 1045 - -1?
1046
In base 14, what is 2b82 + -2?
2b80
In base 7, what is 1 - 1101?
-1100
In base 13, what is 5 + 128b?
1293
In base 9, what is -4167 + -2?
-4170
In base 15, what is 5 - -65?
6a
In base 15, what is -1 + -19?
-1a
In base 7, what is 402 + -10?
362
In base 7, what is -14505 - 0?
-14505
In base 14, what is -4 - -259?
255
In base 16, what is -6 - 92?
-98
In base 11, what is -721 + -4?
-725
In base 14, what is -10 + -b?
-1b
In base 3, what is -1 + -220212?
-220220
In base 5, what is -233403 - -3?
-233400
In base 2, what is -10 + -101110001?
-101110011
In base 3, what is -22111 - 12?
-22200
In base 16, what is -51 + 69?
18
In base 14, what is 140 + 14?
154
In base 10, what is -22 - -3?
-19
In base 8, what is -5 - 251?
-256
In base 3, what is -110122 + 10?
-110112
In base 15, what is -5 + -533?
-538
In base 3, what is 10011112 + -10?
10011102
In base 11, what is -4 - 50?
-54
In base 5, what is -3142 + -10?
-3202
In base 2, what is -10100 + 1010010?
111110
In base 6, what is -11 + -12220?
-12231
In base 7, what is 5 - -1?
6
In base 12, what is 0 - 115?
-115
In base 16, what is -2 - -77?
75
In base 16, what is -4 + -8a?
-8e
In base 15, what is 2 - 790?
-78d
In base 15, what is 1 - 127?
-126
In base 7, what is 154 - -1?
155
In base 8, what is -277 + 30?
-247
In base 4, what is -31203 - -1?
-31202
In base 10, what is 27 + -4?
23
In base 13, what is -b9 + -1?
-ba
In base 12, what is -571 - 2?
-573
In base 14, what is -37 + 2a?
-b
In base 2, what is -101011110111 - -101?
-101011110010
In base 16, what is 0 - 91?
-91
In base 4, what is -322130 + 13?
-322111
In base 3, what is 220 - 201111?
-200121
In base 9, what is 0 - -1526?
1526
In base 11, what is -4 - -5456?
5452
In base 15, what is -56 + b3?
5c
In base 14, what is -4 - -63?
5d
In base 3, what is -120222 + 0?
-120222
In base 8, what is 16265 - 2?
16263
In base 14, what is 9b - -2?
9d
In base 7, what is 255 + -4?
251
In base 10, what is -2 - 51?
-53
In base 12, what is -286 + 0?
-286
In base 3, what is -1 + 201?
200
In base 12, what is 4 + -1190?
-1188
In base 6, what is 14 + -2213?
-2155
In base 15, what is 3 - 81?
-7d
In base 10, what is 474 + 34?
508
In base 12, what is 14b + 9?
158
In base 15, what is 5e + 0?
5e
In base 3, what is 10 + -101200?
-101120
In base 4, what is -20121121 - -11?
-20121110
In base 6, what is 3514 + -3?
3511
In base 9, what is -322 - 5?
-327
In base 12, what is 258 - 1?
257
In base 2, what is -110011011 + 0?
-110011011
In base 10, what is -1678 + -2?
-1680
In base 2, what is -10111001 + 0?
-10111001
In base 10, what is -1598 + -6?
-1604
In base 15, what is -3 + 14?
11
In base 9, what is 3 - 1252?
-1248
In base 11, what is 30 + -4?
27
In base 13, what is 4 + -82?
-7b
In base 11, what is 13 + 577?
58a
In base 2, what is -10110110 - 1011?
-11000001
In base 9, what is 101 + -6?
84
In base 3, what is -11010 + -2?
-11012
In base 3, what is -12200 + -11?
-12211
In base 5, what is 32224 - 10?
32214
In base 8, what is 3 - -305?
310
In base 6, what is 313 + 33?
350
In base 10, what is -21 - 241?
-262
In base 3, what is 1 - 12000?
-11222
In base 9, what is 3212 + 2?
3214
In base 14, what is -4 + -1715?
-1719
In base 9, what is 1 + -1532?
-1531
In base 9, what is 5 - 41?
-35
In base 11, what is 19 + 9?
27
In base 12, what is 3 - 137?
-134
In base 4, what is 0 + 1?
1
In base 6, what is -1 + 1144?
1143
In base 3, what is -2012 + 22?
-1220
In base 2, what is -10 - -1001?
111
In base 5, what is -3 + 330?
322
In base 9, what is 1 - -1238?
1240
In base 8, what is -5025 - 10?
-5035
In base 10, what is 156 + 5?
161
In base 2, what is 11 - -11101011101?
11101100000
In base 10, what is 24 - 0?
24
In base 4, what is 1110 - -20?
1130
In base 10, what is 21 + 5?
26
In base 6, what is 4443 + -1?
4442
In base 16, what is -146d - -5?
-1468
In base 4, what is 11 - -232?
303
In base 9, what is -57 + -4?
-62
In base 15, what is -219 + 1b?
-1ed
In base 14, what is -92 + 0?
-92
In base 13, what is 18 - a9?
-91
In base 4, what is 1012 + -1202?
-130
In base 6, what is 42 + 3?
45
In base 3, what is 10 - -20210?
20220
In base 14, what is 12d - 5?
128
In base 11, what is -10 - -20?
10
In base 15, what is 7d5 + 1?
7d6
In base 14, what is -30 + a?
-24
In base 5, what is 1 + 243?
244
In base 15, what is 0 + -1ba?
-1ba
In base 5, what is -3 + 2441?
2433
In base 16, what is e50d - -5?
e512
In base 7, what is -64 - 5?
-102
In base 4, what is -333 + 1?
-332
In base 3, what is 1112001 + 20?
1112021
In base 2, what is -110101 + 10?
-110011
In base 11, what is -3 - -43?
40
In base 12, what is 100 + -1b?
a1
In base 9, what is 4 - 1073?
-1068
In base 7, what is -244 + 5?
-236
In base 15, what is -2 + 299?
297
In base 5, what is -21341 - -4?
-21332
In base 6, what is -412 + 20?
-352
In base 15, what is 79c + 2?
79e
In base 4, what is 210020 - -1?
210021
In base 2, what is -1 + -110011100?
-110011101
In base 3, what is -2222 + 22?
-2200
In base 9, what is -4 + -310?
-314
In base 4, what is 12010012 - -11?
12010023
In base 3, what is -10 - -2?
-1
In base 2, what is 1000011010110 - 100?
1000011010010
